8/48).
3, 5
Suppose 5*v + 2096 = -4*w, -w = -3*v - 7*w - 1254. Let g = -353 - v. What are the prime factors of g?
67
Suppose 0 = 7*m + 238 - 63. Let o = m - -312. What are the prime factors of o?
7, 41
Let t = -74 + 124. Suppose -49*k - 140 = -t*k. Let d = k - 130. What are the prime factors of d?
2, 5
Suppose 5*z + 44 = -4*t, 0 = 3*t - 1 + 4. What are the prime factors of 9/6*-1 + (-3436)/z?
2, 107
Let x = -106 + 151. Let q(p) = x*p - 22*p + 8 - 26*p + 6*p**2. What are the prime factors of q(4)?
2, 23
Let z = 6688 + -750. What are the prime factors of z?
2, 2969
Let k(j) = -2*j**3 + 39*j**2 - 30*j + 31. Let p(d) = 4*d**3 - 77*d**2 + 59*d - 62. Let x(r) = 9*k(r) + 4*p(r). What are the prime factors of x(20)?
19, 29
Suppose -225 = -2*i + i. Let r = i + 242. List the prime factors of r.
467
What are the prime factors of -49215*-9*(-17)/(-153)?
3, 5, 17, 193
Let r(d) = -27 - 131*d - 123*d + 263*d + 7*d**2. What are the prime factors of r(-7)?
11, 23
Let l be ((-1)/1)/(1/11). Let h be (47 - 43)*55/4. List the prime factors of -2 + 2 + h + l.
2, 11
Suppose -3*d - 2*w = -203627, -3*d + 130264 = -4*w - 73393. What are the prime factors of d?
7, 9697
What are the prime factors of 4416/(-253) + 18 - (-70383)/11?
3, 79
Suppose 2*x - 70766 = 2*s - 5*s, 3*s - 2*x - 70750 = 0. List the prime factors of s.
2, 3, 3931
Let x(i) = i**2 + 9*i. Let v be x(0). Suppose v = -3*a + 763 + 230. List the prime factors of a.
331
List the prime factors of (-600)/72*-1*1005.
5, 67
Let d = 137291 + -59608. List the prime factors of d.
131, 593
Let o(r) be the second derivative of -45*r + 14*r**2 + 0 + 1/6*r**3. List the prime factors of o(23).
3, 17
Let u(k) = 78*k - 5. Let g be u(2). Suppose 10 = -f + g. What are the prime factors of f?
3, 47
Let r(u) = 224*u**2 - 2*u + 2. Let m = 64 + -63. Let v be r(m). Suppose 6*b = -b + v. What are the prime factors of b?
2
Let t = 113 + -94. Let p(y) = -y**3 + 20*y**2 - 9*y - 15. Let q be p(t). Let l = q + -39. What are the prime factors of l?
2, 17
Suppose -2*f = -w + 3*f + 125, -w - f + 113 = 0. Let t = 110 - w. List the prime factors of (4/t)/2 - (-424)/10.
2, 3, 7
Let g(n) = 3*n - 165. Let s be g(10). What are the prime factors of ((-31)/3)/(15/s)?
3, 31
What are the prime factors of (-2587408)/(-156) + 34/663?
2, 8293
Suppose -5*u - 8*u + 967572 = 4*u. What are the prime factors of u?
2, 3, 17, 31
Let b(y) = -4*y + 6 - 2 + 0 + 8. Let k be b(3). Suppose k = -0*q - q + 139. List the prime factors of q.
139
What are the prime factors of (((-493)/(-4))/(12/352))/((-4)/(-12))?
2, 11, 17, 29
Let t(o) = -3*o**3 - 26*o**2 + 95*o + 5. What are the prime factors of t(-15)?
5, 571
Suppose -25*a - 1232 = 718. Let p = -42 + 214. Let w = p + a. List the prime factors of w.
2, 47
Let v(c) = 9 - c**2 + 21019*c**3 + 11*c - 21021*c**3 + 3*c. Suppose 5*d = g - 25, -3*d + 2*g - 5 = 10. List the prime factors of v(d).
2, 41
Let s(q) = 2*q - 5. Let m be s(4). Suppose -z - 1529 = -4*l, 5*l - 4*z = -m*z + 1910. What are the prime factors of l?
3, 127
Let v = 119 - -4384. What are the prime factors of v?
3, 19, 79
Suppose -21*i + 14294 + 11389 = 0. What are the prime factors of i?
1223
Let f = 9248 - -80. List the prime factors of f.
2, 11, 53
Suppose 56736 = 45*c + 151788 - 758892. List the prime factors of c.
2, 461
Let o = -2 + 2. Suppose -12*p + 7*p + 60 = o. Suppose -h + 71 = -p. List the prime factors of h.
83
Let a(z) = 121*z - 285. Let o be a(36). Suppose o = 25*l - 10729. What are the prime factors of l?
2, 37
Let j = 819 + -581. Let q = j - 148. What are the prime factors of q?
2, 3, 5
Let r = -2837 + 2957. What are the prime factors of r?
2, 3, 5
Let m(s) = -87*s**3 - 6*s**2 - 77*s - 301. List the prime factors of m(-6).
41, 457
Let n(k) = -k**2 + 11*k + 14. Let y be n(12). Let r(h) = -20 + 7*h - h**2 - 8*h + 2*h**y. List the prime factors of r(-10).
2, 3, 5
Suppose -2*x - 9 = x, 78 = 3*b - 3*x. Suppose -m - 5*j + 591 = -4*j, 0 = 2*m + 5*j - 1173. Suppose -m = -26*d + b*d. List the prime factors of d.
2, 3, 11
Let k(h) = 37*h - 12*h - 14*h + 136 - 13*h. What are the prime factors of k(-18)?
2, 43
Let n(q) = 22*q**2 - 93*q - 220. What are the prime factors of n(23)?
3, 1031
Let i be 0 + -6 - (-84 + 73). Suppose 2*a = -2*n + 2328, 0 = i*n + 20*a - 17*a - 5814. List the prime factors of n.
3, 43
Suppose 263 = 3*h - f + 262, -2*h - 5*f = -29. Suppose 783 = 2*n - 89. Suppose -5*z = 4*p - n, -5*z + 514 - 86 = h*p. List the prime factors of z.
2, 3, 7
Let g(d) = 2*d**2 + 13*d - 53. Suppose 0 = 9*q + 5*q - 182. List the prime factors of g(q).
2, 227
What are the prime factors of ((-130)/(-25))/(136010/13600 - 10)?
2, 13, 17
Let b = 7342 - 1075. List the prime factors of b.
3, 2089
Suppose 12*u - 96585 = -2*h + 13*u, 2*h + 5*u = 96531. List the prime factors of h.
2, 3, 503
Let l(w) = -68*w**2 + 12*w - 80. Let z be l(21). List the prime factors of 4/6 + -6*z/144.
11, 113
Let a(m) = 12*m + 2*m - 26 - 10*m + 8*m. Let v be ((-3)/6)/(8/(-176)). List the prime factors of a(v).
2, 53
Let o(c) = -1741*c - 503. What are the prime factors of o(-9)?
2, 7583
Suppose 39*c = 37*c + 2*t + 31622, 4*t + 47438 = 3*c. What are the prime factors of c?
2, 7, 1129
Suppose 4*g = 4*s - 12184, s - 7*g + 5*g - 3045 = 0. Suppose 31*b - s = 20*b. What are the prime factors of b?
277
Suppose -775 = 7*y - 2*y. Let z = y + 257. What are the prime factors of z?
2, 3, 17
Suppose -146*u + 282992 - 171778 = -337298. List the prime factors of u.
2, 3
Let s(a) = -2*a**2 + 2*a + 12. Let b be s(7). Let o = b - -206. What are the prime factors of o?
2, 67
Let r(o) = -40*o - 2. Let s = 89 + -95. What are the prime factors of r(s)?
2, 7, 17
Let n(o) = o**3 - 9*o**2 + 15*o - 5. Let p be n(7). Let c(k) = 0 + 28*k**p - 1 + 171*k**2. List the prime factors of c(1).
2, 3, 11
Let c(q) = -8*q - 4. Let d be c(-1). Let m be 219 + (0 - -3)/1. Suppose d*x - m = 150. List the prime factors of x.
3, 31
Suppose -19 + 13 = -3*n. Let y(r) = 0*r**2 + 3*r - 4*r + 29*r**2 + 3. List the prime factors of y(n).
3, 13
Let o(b) = 4*b**2 + 39*b + 10. Suppose -w - w = 3*n + 19, 0 = -2*w - 2*n - 20. What are the prime factors of o(w)?
5, 13
Suppose 304560 = 52*x + 28*x. List the prime factors of x.
3, 47
Let v(h) = -594*h**3 - 2*h**2 - 4*h - 4. Let f be v(-1). Let n = f + -407. List the prime factors of n.
5, 37
Let c(m) = m**2 - m + 2. Let n be c(2). Let l be 6 - 6/n*(-34)/(-51). Suppose 0 = h - l*o - 202, -2*h = -5*o + 4*o - 413. What are the prime factors of h?
3, 23
Let q be (-108)/(-30) + (-4)/(-10). Suppose 15 = -x + u - 5*u, q*x - u - 25 = 0. Suppose -x*c + 49 = 4*t - 191, 2*t = 5*c + 150. List the prime factors of t.
5, 13
Let s(n) = 71401*n**2 + 7. What are the prime factors of s(-1)?
2, 4463
Let t = 17062 + -8199. What are the prime factors of t?
8863
Suppose 0*x - 995 = 5*x. Suppose -5*a + 38 = -2*b, -50 = 3*b - 2*a + 29. Let i = b - x. What are the prime factors of i?
2, 5, 17
Let f(l) be the second derivative of -2*l**3/3 + 15*l**2/2 - 23*l. Let m be f(3). List the prime factors of m/21 - (-832)/56.
3, 5
Let j = -992 + 3022. List the prime factors of j.
2, 5, 7, 29
Let r(s) = -12*s**2 - 2*s + 3. Let t be r(2). Suppose 10*d + 429 = 4*w + 11*d, 0 = 2*w - 3*d - 211. Let i = t + w. List the prime factors of i.
2, 29
Let o = -739 - -1964. Let p = -658 + o. List the prime factors of p.
3, 7
Let p(r) = r**3 - 3*r**2 + 7*r - 5. Let v be p(4). Let u(a) = 13*a + 727. Let d be u(-47). Suppose -5*s + d = -v. What are the prime factors of s?
31
Let y = -37 - -40. Suppose q = -0 + y. Suppose -2*m = q*m - 40. What are the prime factors of m?
2
Let b = 12874 - 7665. What are the prime factors of b?
5209
Let q(j) = 29*j**3 + 2*j - 2*j - 28*j**3 - 5*j**2 + 3. Let n be q(3). List the prime factors of (0 - 50/n)*3.
2, 5
Suppose -14*g + 19*g - v = 22381, 0 = 2*g - 4*v - 8938. List the prime factors of g.
11, 37
Let u(a) = 29*a + 211. Let s be u(10). Let r = -213 + s. List the prime factors of r.
2, 3
Suppose 2*t + 240 - 2424 = 0. Let v = -553 + t. What are the prime factors of v?
7, 11
Let b = -763 - -2910. What are the prime factors of b?
19, 113
Suppose 3*n = a - 0*n - 78, -3*a - 4*n = -247. Suppose a = 7*c - 31. Suppose 0 = -4*f - c, 3*z - 360 = -3*f - 144. What are the prime factors of z?
2, 19
Let p(f) = 2*f**3 - 33